etermine z(q).
-28
Let f(a) = a**3 + 3*a**2 - 4*a - 3. Suppose -23*j - 105 = 125. Let d be 51/j + (-8)/(-80). What is f(d)?
-33
Let x(y) = -63*y - 1. Let g = 3801 - 3802. Determine x(g).
62
Let x(r) = -2*r**2 + 6*r + 7. Let n be (-363)/(-242) - 46/(-4). Suppose -80 = -7*s - n*s. Determine x(s).
-1
Let k(j) = 12*j + 30. Let t be k(-3). Let a(g) = -2*g**3 + 3*g**2 - 2*g + 1. Let d be a(4). Let o be 1/t + 5 + d/18. Let q(y) = -y**2 + 12. Determine q(o).
12
Let w(b) = -2*b**2 - 100*b + 821. Let l be w(-57). Let o(v) = v**3 - 23*v**2 + 2*v - 40. Calculate o(l).
6
Let o(d) = d**2 + 6*d - 7. Suppose -7*w + 141 - 197 = 0. Let r be (335/(-268))/((-2)/w). What is o(r)?
-12
Let w(j) be the first derivative of j**2/2 + 6*j + 97. Let v be w(5). Let h(t) = t**2 - 11*t - 4. Determine h(v).
-4
Let n = -190 + 195. Suppose 15*r = -n*r - 80. Let d(x) = -4*x + 0*x**2 - x**2 - 3 + 0*x. Determine d(r).
-3
Let m(f) = -f**2 + 3*f - 3. Suppose 13 = 3*w + 7. Suppose 2*s + 18 = 2*u, -5*s - 8 = w*u + 9. Determine m(u).
-7
Let v be -22*1 + 12/(-12)*(3 + -8). Let k(z) = z**2 + 23*z + 108. What is k(v)?
6
Let q(l) = l**2 - l - 1. Let g(b) = -3*b**2 - b + 12*b**2 - b - 6. Let z be (0 - 6)*14/21. Let a(n) = z*q(n) + g(n). Determine a(-2).
14
Let l(x) = -8*x + 5. Suppose 0 = -4*q - 49 + 45. Give l(q).
13
Let p(d) be the third derivative of 1/60*d**5 + 0 - 1/6*d**4 + 0*d - 2/3*d**3 + 8*d**2. Let l = 8 + -3. Calculate p(l).
1
Let v(c) = 24*c + 8 + 117*c**3 - 55*c**3 - 61*c**3 + 11*c**2 - 11*c. Determine v(-10).
-22
Let z be 8/(((-80)/15)/(-8)). Suppose 16 = z*j - 8. Suppose 57 = 5*p + j*u + 2*u, 2*p = -4*u + 30. Let i(m) = m - 4. Give i(p).
5
Let t = -295 - -298. Let l(x) = x**3 - 4*x - x**2 + 0*x**t - 2*x**3 - 2 + 6*x**2 + x**2. Determine l(5).
3
Let o(w) = -2*w + 11 - 2*w - w**2 + 3*w - 15. Determine o(0).
-4
Suppose -838 = -16*p + 490. Let i = p + -82. Let v(c) = -8*c + 1. Calculate v(i).
-7
Let f(v) = -39*v - 17 + 35*v - 16. Let a(w) = -3*w - 30. Let x(y) = -3*a(y) + 2*f(y). Give x(0).
24
Suppose -9376*y = -9469*y + 3534. Let h(a) be the first derivative of -9/2*a**2 + 8*a + y - 1/3*a**3. Determine h(-9).
8
Let q(u) = 186*u**2 + 3*u - 5*u**3 - 369*u**2 + 180*u**2 - 4*u + 0*u - 2. Suppose 20 = -5*y + 2*t, -4*t - 2 = y - 20. Give q(y).
28
Let k(t) = -4*t - 22. Suppose -38 - 97 = 11*i + 34*i. What is k(i)?
-10
Let g = 322 - 325. Let k(f) = -2*f**2 - 13*f - 6. Let n(m) = -m**2 - 7*m - 3. Let a(p) = -6*k(p) + 11*n(p). Determine a(g).
9
Let r(y) = y + 3. Let q(c) = 2*c + 36. Let b = -248 - -245. Let m(i) = b*r(i) + q(i). What is m(15)?
12
Let h(n) be the third derivative of -n**5/30 + n**4/6 - n**3/6 - 3319*n**2. Let y be 4/8 + (-10)/(-4). Determine h(y).
-7
Let n(v) = 7*v**2 + 12*v + 8. Let q(j) = -j**2 + 24*j + 49. Let r be q(26). Let x(z) = -5*z**2 - 9*z - 7. Let h(m) = r*n(m) - 4*x(m). Determine h(-5).
-21
Let k(x) be the third derivative of 7*x**4/12 + 77*x**3/6 + 5337*x**2. Calculate k(-5).
7
Let r(h) = -h**3 + 24*h**2 - 45*h + 23. Let x be r(22). Let f(a) = -a + 10*a - 4*a - x. Calculate f(-3).
-16
Suppose 4*r + 4*m = 23 - 3, 0 = r - 2*m + 7. Suppose 0*t + 2*t + 16 = 3*d, -9 = -2*d + t. Let n(f) = 0*f**2 + 9*f**3 - 21*f**3 - d*f**2 - 940 + 941. Give n(r).
-13
Suppose -9*h + 5*y + 66 + 41 = 0, 2*y + 38 = 2*h. Let f(g) be the first derivative of -g**4/4 + g**3/3 + 3*g**2/2 + 4*g - 1. Determine f(h).
-5
Let v(z) = z - 4. Let r be 17/3 + 3/9. Suppose 5*c - 6*a = -3*a + 35, -4*c - 2*a = -r. Calculate v(c).
0
Let t(z) = -3*z + 49. Let q = -4328 + 4340. Determine t(q).
13
Let g = 966 - 992. Let q(o) = -o**2 - 28*o - 56. Calculate q(g).
-4
Suppose 33*b - 16*b = -41*b + 1334. Let z(i) = i**2 - 28*i + 36. Give z(b).
-79
Let p be (-12)/(-2) - 81/(-9)*-1. Let l(n) = -16 + 38 + n - 13 + 3*n. Give l(p).
-3
Suppose -36*m - 531 = 10 - 1. Let f(n) = n**3 + 14*n**2 - 16*n + 14. What is f(m)?
29
Let w(q) be the second derivative of -q**5/20 + 5*q**4/12 - q**3/3 + 5*q**2/2 - q - 415. Determine w(6).
-43
Let y = -16820 - -16822. Let v(x) = 27*x - 42. Determine v(y).
12
Let u = 13 - 5. Let v be (u/14)/(4/14). Suppose -v = -4*a + 2. Let r(b) = -9*b**3 + b**2. What is r(a)?
-8
Let r(t) = -t - 11. Let u = 1057 + -1865. Let w = u + 803. What is r(w)?
-6
Let u(c) = -9744*c**2 + 4*c - 13 + 19489*c**2 - 9744*c**2. What is u(4)?
19
Let g be 3766/18 - (210/(-27) - -8). Suppose 13*n + 6*n = g. Let i(s) = s**2 + 8 + 0*s**2 - 2*s**2 + 10*s + 0*s**2. Determine i(n).
-3
Let b(g) = -2*g**2 - 3*g. Let h be (((-84)/18)/7)/((-2)/(-3)). Let s be (6 + -1 + -5)*h + -2. What is b(s)?
-2
Let s(d) be the third derivative of d**4/24 - 4*d**3/3 - 2*d**2. Let l = -2134 - -2141. Calculate s(l).
-1
Let m(y) = 3*y**2 + 7 - 2*y - 3*y**2 - y**2. Suppose 586 + 450 - 891 = -29*s. Calculate m(s).
-8
Let x(h) = -4*h**3 - 3*h - 2. Suppose b - 2*b - u - 6 = 0, 2*b - 2*u = 4. Calculate x(b).
36
Let b(i) = -2*i**2 - 4*i + 10. Let o be b(0). Let w(m) = 0*m - 2 - 7 + m + 0*m. Calculate w(o).
1
Suppose -4*j + 17 = q, 1 = 2*j + 5. Suppose -4*b + 10 = 5*n - q, 5*n + b = 35. Suppose -3*c = -5*h + 19, 3*h - 14 - n = -3*c. Let m(t) = t - 4. Give m(c).
-2
Let g(n) be the third derivative of -n**5/60 - n**4/4 - n**3 - 13*n**2. Let s be g(-4). Let p(m) = s - 1 + 4*m - 4. Calculate p(5).
17
Let n = 12 - -9. Let h = 412 - 396. Let i be n/12 + (-12)/h. Let v(f) = 13*f**3 - f**2 - f + 1. Calculate v(i).
12
Let w(s) = -30*s + 38. Let n(v) = 16*v - 17. Let q(p) = 9*n(p) + 5*w(p). What is q(8)?
-11
Let l(o) = -9*o - 462. Let c(d) = 2*d**3 - 48*d**2 + 42*d + 41. Let f be c(23). Determine l(f).
-3
Let m(p) = p**3 - 9*p**2 - 8*p + 6. Let z(i) be the third derivative of -i**6/120 + i**5/60 + i**4/24 + 249*i**2. Let l(g) = m(g) + 2*z(g). What is l(-5)?
-14
Let z = 23405 - 23411. Let t(g) = -35*g - 190. Calculate t(z).
20
Let t be ((-2)/(-5) - 0)*10. Let p be (792/16)/(-11)*48/(-27). Let a(f) = -t*f + 13*f - p - 8*f. Give a(8).
0
Let x(q) be the first derivative of -q**4/4 - 2*q**3 - 6*q + 1. Let i(o) = -2*o**3 + 9. Let n be i(-3). Let m be 5 + (4/42 - 699/n). Give x(m).
-6
Let t(b) = -44 - 42 - b + 82. Let n(o) = -o**3 - 9*o**2 - 4*o - 20. Let m be n(-9). Let q be 0*(m/(-3) + 5). Calculate t(q).
-4
Let w = 396 + -392. Suppose -n + w = -2*v, 2*v = 8*n - 13*n - 16. Let k(y) = -2*y**3 + y**2 - 1. Give k(n).
19
Let k(o) = 3*o**3 + 29*o**2 - 10*o - 2. Let i(l) = l**3 + 5*l. Let z(p) = -i(p) + k(p). Determine z(-15).
-2
Let d(v) = v - 2. Let j(r) = 2*r - 5. Let f(m) = 5*d(m) - 3*j(m). Let l be f(7). Let q(k) be the first derivative of -k**2/2 - k - 72957. Give q(l).
1
Let g(k) = -50*k + 120*k - 9 + 99*k**2 - 190*k**2 + 93*k**2. Give g(-35).
-9
Let s(y) = -5*y - 9. Let j(t) be the first derivative of 3 - 2*t**2 - 6 - 4 - 8*t. Let a(i) = 4*j(i) - 3*s(i). Determine a(-5).
0
Let g(j) = j**3 + j**2 - j - 5. Let l be g(0). Let t(z) be the third derivative of z**5/60 + 7*z**4/24 + 2*z**3/3 - 11*z**2 - 21*z. Give t(l).
-6
Let k(p) = p**3 - p**2 - 6. Let i(u) be the first derivative of -u**4/4 + 7*u**3 - 21*u**2/2 + 20*u - 24. Let d be i(20). Determine k(d).
-6
Let i(o) = o**3 - 5*o**2 - o - 6. Let p(j) = j**3 + 2*j**2 - 31*j + 33. Let f be p(4). Determine i(f).
-11
Let z be (10/(-35) + 24/35)*5. Let x(k) = -15*k**2 + 10 + 21*k**2 - z*k - k - 7*k**2 - 4*k. Give x(-6).
16
Let j be -2*(-12)/(-9)*18*(-1)/(-12). Let q(g) = -8*g - 21. Give q(j).
11
Suppose 0 = -4*d - 3*u + 8, -9*d - 3*u - 2 = -10*d. Let f(o) = 0*o**3 + 23 - o**3 + 5*o**d - 86*o + 75*o + 3*o**2. Calculate f(7).
-5
Let u be 18/8 + ((-231)/44 - (-6)/1). Let a(o) be the first derivative of u*o - 8/3*o**3 + 7/2*o**2 - 4 + 1/4*o**4. Calculate a(7).
3
Let j(h) = h**2 + h. Let g(u) = 9*u**2 + 4*u. Let x(s) = -g(s) + 4*j(s). Suppose -6*q - 18 = -12*q. Suppose 2*w = -l + 3, -4*w + q*w + 5*l = 26. Give x(w).
-5
Suppose 0 = -4*b - 8, 3*l + 5*b = 3*b - 19. Suppose -6 = 38*u - 41*u. Let z(t) = 3*t**2 - t**3 - 6*t**u - t**2 - t**2 + 7. Determine z(l).
7
Let v = 962 - 962. Let o = 0 - -1. Let i(b) = 1. Let l(d) = d**2 + d. Let r(y) = o*l(y) - 4*i(y). What is r(v)?
-4
Let l(q) be the second derivative of -9/2*q**2 + 1/6*q**3 - 56*q + 0. Calculate l(6).
-3
Suppose -5*a = -3*b + 21, 4*a - 231*b + 227*b + 28 = 0. Let f(y) = -10*y + 6. What is f(a)?
6
Let z(g) be the first derivative of 3*g**3/2 + g**2/2 - 6*g - 1. Let i(j) b